nder when 38027 is divided by 9500.
27
What is the remainder when 2115 is divided by 523?
23
What is the remainder when 175976 is divided by 420?
416
Calculate the remainder when 3577 is divided by 1779.
19
What is the remainder when 149218 is divided by 36?
34
What is the remainder when 220873 is divided by 80?
73
What is the remainder when 12181 is divided by 230?
221
Calculate the remainder when 30765 is divided by 41.
15
What is the remainder when 61765 is divided by 199?
75
Calculate the remainder when 3265854 is divided by 704.
702
What is the remainder when 15282 is divided by 3716?
418
Calculate the remainder when 22125 is divided by 102.
93
Calculate the remainder when 3548 is divided by 1316.
916
What is the remainder when 600 is divided by 319?
281
What is the remainder when 4296198 is divided by 10?
8
What is the remainder when 39188 is divided by 71?
67
What is the remainder when 16294 is divided by 388?
386
Calculate the remainder when 3604 is divided by 180.
4
What is the remainder when 39257 is divided by 26?
23
Calculate the remainder when 19571 is divided by 107.
97
Calculate the remainder when 16445 is divided by 8214.
17
What is the remainder when 1571913 is divided by 174?
171
What is the remainder when 195425 is divided by 24?
17
Calculate the remainder when 71745 is divided by 12.
9
What is the remainder when 28461 is divided by 179?
0
Calculate the remainder when 2934813 is divided by 12.
9
What is the remainder when 1611983 is divided by 344?
343
What is the remainder when 4141 is divided by 125?
16
Calculate the remainder when 69675 is divided by 14.
11
Calculate the remainder when 6626 is divided by 137.
50
Calculate the remainder when 132 is divided by 99.
33
What is the remainder when 11305 is divided by 2794?
129
What is the remainder when 80820 is divided by 1164?
504
Calculate the remainder when 134995 is divided by 72.
67
Calculate the remainder when 401 is divided by 371.
30
What is the remainder when 309597 is divided by 180?
177
Calculate the remainder when 6486 is divided by 2.
0
What is the remainder when 14986 is divided by 1493?
56
What is the remainder when 9358 is divided by 12?
10
What is the remainder when 3228 is divided by 243?
69
What is the remainder when 3326 is divided by 465?
71
Calculate the remainder when 44313 is divided by 5536.
25
Calculate the remainder when 35148 is divided by 52.
48
What is the remainder when 106166 is divided by 43?
42
Calculate the remainder when 19192 is divided by 6394.
10
What is the remainder when 263251 is divided by 20250?
1
Calculate the remainder when 71569 is divided by 22.
3
What is the remainder when 2301 is divided by 98?
47
Calculate the remainder when 193689 is divided by 3124.
1
Calculate the remainder when 1100643 is divided by 59.
57
Calculate the remainder when 12218 is divided by 340.
318
Calculate the remainder when 211182 is divided by 7.
6
What is the remainder when 2101 is divided by 34?
27
What is the remainder when 21947 is divided by 457?
11
What is the remainder when 566 is divided by 103?
51
What is the remainder when 2245 is divided by 368?
37
What is the remainder when 11563 is divided by 15?
13
What is the remainder when 203672 is divided by 83?
73
What is the remainder when 56 is divided by 23?
10
Calculate the remainder when 2721448 is divided by 18.
10
Calculate the remainder when 43280 is divided by 19.
17
Calculate the remainder when 195066 is divided by 242.
14
Calculate the remainder when 3095 is divided by 119.
1
What is the remainder when 25808 is divided by 18?
14
What is the remainder when 613492 is divided by 442?
438
What is the remainder when 8158 is divided by 20?
18
What is the remainder when 2160 is divided by 86?
10
Calculate the remainder when 709 is divided by 141.
4
What is the remainder when 36787 is divided by 292?
287
What is the remainder when 681 is divided by 337?
7
What is the remainder when 131311 is divided by 842?
801
What is the remainder when 7169082 is divided by 77?
74
Calculate the remainder when 722 is divided by 61.
51
Calculate the remainder when 14324 is divided by 36.
32
What is the remainder when 184116 is divided by 804?
0
Calculate the remainder when 15071 is divided by 96.
95
What is the remainder when 214954 is divided by 65?
64
What is the remainder when 10979 is divided by 360?
179
What is the remainder when 208838 is divided by 91?
84
Calculate the remainder when 59160 is divided by 171.
165
What is the remainder when 4483 is divided by 2930?
1553
What is the remainder when 1030 is divided by 50?
30
What is the remainder when 982 is divided by 295?
97
Calculate the remainder when 1032 is divided by 19.
6
What is the remainder when 1454022 is divided by 31?
29
Calculate the remainder when 3194629 is divided by 1010.
1009
What is the remainder when 448 is divided by 14?
0
Calculate the remainder when 186 is divided by 139.
47
Calculate the remainder when 5168 is divided by 11.
9
What is the remainder when 786 is divided by 5?
1
Calculate the remainder when 809403 is divided by 487.
9
Calculate the remainder when 10704 is divided by 206.
198
Calculate the remainder when 15214 is divided by 7569.
76
Calculate the remainder when 13742 is divided by 508.
26
Calculate the remainder when 970687 is divided by 245.
242
What is the remainder when 13472 is divided by 7?
4
Calculate the remainder when 6031 is divided by 3010.
11
What is the remainder when 58225 is divided by 285?
85
Calculate the remainder when 92337 is divided by 600.
537
What is the remainder when 10443 is divided by 1376?
811
What is the remainder when 13605 is divided by 1389?
1104
What is the remainder when 1486 is divided by 51?
7
What is the remainder when 276 is divided by 256?
20
Calculate the remainder when 3431 is divided by 3167.
264
What is the remainder when 9390 is divided by 472?
422
Calculate the remainder when 527060 is divided by 278.
250
Calculate the remainder when 55592 is divided by 425.
342
What is the remainder when 580 is divided by 571?
9
What is the remainder when 10816 is divided by 350?
316
Calculate the remainder when 7917 is divided by 5999.
1918
Calculate the remainder when 79 is divided by 43.
36
What is the remainder when 3013 is divided by 72?
61
What is the remainder when 701 is divided by 253?
195
What is the remainder when 550 is divided by 45?
10
Calculate the remainder when 784336 is divided by 22.
14
What is the remainder when 667579 is divided by 29?
28
What is the remainder when 2251 is divided by 81?
64
What is the remainder when 12627 is divided by 4204?
15
Calculate the remainder when 41699 is divided by 6922.
167
Calculate the remainder when 436276 is divided by 894.
4
Calculate the remainder when 421 is divided by 99.
25
What is the remainder when 66164 is divided by 148?
8
Calculate the remainder when 237888 is divided by 260.
248
What is the remainder when 7802 is divided by 964?
90
Calculate the remainder when 39796 is divided by 27.
25
What is the remainder when 1232 is divided by 127?
89
What is the remainder when 771341 is divided by 192821?
57
What is the remainder when 444171 is divided by 545?
541
Calculate the remainder when 93735 is divided by 49.
47
What is the remainder when 10193 is divided by 124?
25
Calculate the remainder when 56088 is divided by 18684.
36
Calculate the remainder when 10999 is divided by 1832.
7
What is the remainder when 5849 is divided by 44?
41
What is the remainder when 7357 is divided by 1048?
21
Calculate the remainder when 4379 is divided by 87.
29
What is the remainder when 97033 is divided by 156?
1
What is the remainder when 16874 is divided by 1122?
44
What is the remainder when 90774 is divided by 15?
9
What is the remainder when 227405 is divided by 341?
299
Calculate the remainder when 386008 is divided by 6.
4
Calculate the remainder when 3958 is divided by 165.
163
Calculate the remainder when 2451 is divided by 1244.
1207
What is the remainder when 15816 is divided by 5?
1
Calculate the remainder when 213477 is divided by 36.
33
What is the remainder when 3744 is divided by 200?
144
Calculate the remainder when 489001 is divided by 203.
177
Calculate the remainder when 1676 is divided by 1651.
25
What is the remainder when 431942 i